{"id":3123,"date":"2016-10-17T12:32:55","date_gmt":"2016-10-17T12:32:55","guid":{"rendered":"http:\/\/www.escuela-ambrosio.cl\/portal\/?page_id=3123"},"modified":"2024-05-14T17:22:30","modified_gmt":"2024-05-14T17:22:30","slug":"sellos-institucionales","status":"publish","type":"page","link":"https:\/\/www.escuela-ambrosio.cl\/portal\/sellos-institucionales\/","title":{"rendered":"Sellos Institucionales"},"content":{"rendered":"<h2 style=\"text-align: center;\"><span style=\"color: #cc0000;\"><strong>Sellos Institucionales.<\/strong><\/span><\/h2>\n<p>Escuela que desarrolla competencias y habilidades en sus estudiantes en relaci\u00f3n con el cuidado del medio ambiente y promoci\u00f3n de la participaci\u00f3n deportiva, cultural, art\u00edstica y social.<\/p>\n","protected":false},"excerpt":{"rendered":"<p>Sellos Institucionales. Escuela que desarrolla competencias y habilidades en sus estudiantes en relaci\u00f3n con el cuidado del medio ambiente y promoci\u00f3n de la participaci\u00f3n deportiva, cultural, art\u00edstica y social.<\/p>\n","protected":false},"author":1,"featured_media":0,"parent":0,"menu_order":0,"comment_status":"closed","ping_status":"closed","template":"","meta":{"footnotes":""},"class_list":["post-3123","page","type-page","status-publish","hentry"],"_links":{"self":[{"href":"https:\/\/www.escuela-ambrosio.cl\/portal\/wp-json\/wp\/v2\/pages\/3123","targetHints":{"allow":["GET"]}}],"collection":[{"href":"https:\/\/www.escuela-ambrosio.cl\/portal\/wp-json\/wp\/v2\/pages"}],"about":[{"href":"https:\/\/www.escuela-ambrosio.cl\/portal\/wp-json\/wp\/v2\/types\/page"}],"author":[{"embeddable":true,"href":"https:\/\/www.escuela-ambrosio.cl\/portal\/wp-json\/wp\/v2\/users\/1"}],"replies":[{"embeddable":true,"href":"https:\/\/www.escuela-ambrosio.cl\/portal\/wp-json\/wp\/v2\/comments?post=3123"}],"version-history":[{"count":13,"href":"https:\/\/www.escuela-ambrosio.cl\/portal\/wp-json\/wp\/v2\/pages\/3123\/revisions"}],"predecessor-version":[{"id":7784,"href":"https:\/\/www.escuela-ambrosio.cl\/portal\/wp-json\/wp\/v2\/pages\/3123\/revisions\/7784"}],"wp:attachment":[{"href":"https:\/\/www.escuela-ambrosio.cl\/portal\/wp-json\/wp\/v2\/media?parent=3123"}],"curies":[{"name":"wp","href":"https:\/\/api.w.org\/{rel}","templated":true}]}}