{"id":385,"date":"2013-12-13T18:33:15","date_gmt":"2013-12-13T18:33:15","guid":{"rendered":"http:\/\/www.escuela-ambrosio.cl\/portal\/?page_id=385"},"modified":"2023-11-21T16:04:37","modified_gmt":"2023-11-21T16:04:37","slug":"programa-demtv","status":"publish","type":"page","link":"https:\/\/www.escuela-ambrosio.cl\/portal\/programa-demtv\/","title":{"rendered":"Programa DemTV"},"content":{"rendered":"<h2 style=\"text-align: center;\"><span style=\"color: #cc0000;\">Programa DemTV.<\/span><\/h2>\n<p style=\"text-align: justify;\">El canal TVM\u00e1s de Coronel en conjunto con el Departamento de Educaci\u00f3n idearon un programa el a\u00f1o 2013 para mostrar y dar a conocer todos los establecimientos municipales de la comuna, en ese contexto nuestra Escuela particip\u00f3 de las grabaciones que fueron mostradas el d\u00eda Martes 03 de Diciembre de 2013 en el canal TvM\u00e1s.<\/p>\n<p style=\"text-align: justify;\">Si no tuvieron la oportunidad de verlo, a continuaci\u00f3n les dejamos el video y las im\u00e1genes tomadas atr\u00e1s de c\u00e1mara <a href=\"https:\/\/www.escuela-ambrosio.cl\/portal\/grabacion-programa-tvmas\/\" target=\"_blank\" rel=\"noopener noreferrer\">&lt;&lt; aqu\u00ed &gt;&gt;<\/a>.<\/p>\n<p><center><iframe loading=\"lazy\" title=\"vimeo-player\" src=\"https:\/\/player.vimeo.com\/video\/886914974?h=d19bb74eae\" allowfullscreen=\"\" width=\"640\" height=\"360\" frameborder=\"0\"><\/iframe><\/center><\/p>\n","protected":false},"excerpt":{"rendered":"<p>Programa DemTV. El canal TVM\u00e1s de Coronel en conjunto con el Departamento de Educaci\u00f3n idearon un programa el a\u00f1o 2013 para mostrar y dar a conocer todos los establecimientos municipales <a class=\"more-link\" href=\"https:\/\/www.escuela-ambrosio.cl\/portal\/programa-demtv\/\">Continue Reading \u2192<\/a><\/p>\n","protected":false},"author":1,"featured_media":0,"parent":0,"menu_order":0,"comment_status":"closed","ping_status":"closed","template":"","meta":{"footnotes":""},"class_list":["post-385","page","type-page","status-publish","hentry"],"_links":{"self":[{"href":"https:\/\/www.escuela-ambrosio.cl\/portal\/wp-json\/wp\/v2\/pages\/385","targetHints":{"allow":["GET"]}}],"collection":[{"href":"https:\/\/www.escuela-ambrosio.cl\/portal\/wp-json\/wp\/v2\/pages"}],"about":[{"href":"https:\/\/www.escuela-ambrosio.cl\/portal\/wp-json\/wp\/v2\/types\/page"}],"author":[{"embeddable":true,"href":"https:\/\/www.escuela-ambrosio.cl\/portal\/wp-json\/wp\/v2\/users\/1"}],"replies":[{"embeddable":true,"href":"https:\/\/www.escuela-ambrosio.cl\/portal\/wp-json\/wp\/v2\/comments?post=385"}],"version-history":[{"count":11,"href":"https:\/\/www.escuela-ambrosio.cl\/portal\/wp-json\/wp\/v2\/pages\/385\/revisions"}],"predecessor-version":[{"id":7697,"href":"https:\/\/www.escuela-ambrosio.cl\/portal\/wp-json\/wp\/v2\/pages\/385\/revisions\/7697"}],"wp:attachment":[{"href":"https:\/\/www.escuela-ambrosio.cl\/portal\/wp-json\/wp\/v2\/media?parent=385"}],"curies":[{"name":"wp","href":"https:\/\/api.w.org\/{rel}","templated":true}]}}