{"id":75,"date":"2013-11-28T01:47:04","date_gmt":"2013-11-28T01:47:04","guid":{"rendered":"http:\/\/www.escuela-ambrosio.cl\/portal\/?page_id=75"},"modified":"2017-04-17T18:20:08","modified_gmt":"2017-04-17T18:20:08","slug":"ganadores-de-1a-olimpiadas-de-matematica","status":"publish","type":"page","link":"https:\/\/www.escuela-ambrosio.cl\/portal\/ganadores-de-1a-olimpiadas-de-matematica\/","title":{"rendered":"Ganadores de 1\u00aa Olimpiadas de Matem\u00e1tica"},"content":{"rendered":"<h2 style=\"text-align: center;\"><span style=\"color: #cc0000;\"><strong>Ganadores de 1\u00aa Olimpiadas de Matem\u00e1tica.<\/strong><\/span><\/h2>\n<p style=\"text-align: justify;\">M\u00e1s de 300 estudiantes de 18 establecimientos municipales compitieron el 27 de Mayo de 2011 en las Olimpiadas de Matem\u00e1ticas organizada por DEM Coronel y Servicios Educativos ARQUIMED, magno evento que se llev\u00f3 a cabo en el Gimnasio del Liceo Comercial Andr\u00e9s Bello. El objetivo del certamen era fomentar el aprendizaje de la matem\u00e1tica e integrar a padres y apoderados al proceso educativo. La actividad cont\u00f3 adem\u00e1s con la realizaci\u00f3n de un ciclo de charlas, junto a destacados expertos educativos, sobre el actual escenario educativo de Coronel.<\/p>\n<p style=\"text-align: justify;\">Las escuelas participantes fueron las siguientes: Rosita Renard, Playas Negras, Rosa Medel, Javiera Carrera, Rafael Sotomayor Baeza, V\u00edctor Domingo Silva, Ambrosio O\u00b4Higgins, Republica de Francia, Remigio Castro, Adelaida Miguieles, Octavio Salinas, Vista Hermosa, Rosa Ya\u00f1ez, Ramon Freire, Arturo Hughes, Francisco Coloane, Escuadr\u00f3n y Patagual.<\/p>\n<p style=\"text-align: justify;\">Tras una ardua y l\u00fadica competencia, donde los alumnos de tercer y cuarto b\u00e1sico se lucieron exhibiendo sus destrezas y conocimientos en las matem\u00e1ticas, finalmente la Escuela Ambrosio O\u2019Higgins obtuvo el primer lugar de las Olimpiadas, resultando las escuelas V\u00edctor Domingo Silva y Rafael Sotomayor con el segundo y tercer lugar, respectivamente.<\/p>\n<p style=\"text-align: justify;\">En tanto, Los alumnos de la apartada Escuela Francisco Coloane de Isla Santa Mar\u00eda recibieron la distinci\u00f3n \u201cPremio al esfuerzo educativo\u201d, por mejorar su rendimiento en la prueba SIMCE, avanzando hasta el sexto lugar comunal tras haber estado entre los niveles m\u00e1s bajos estos \u00faltimos a\u00f1os.<\/p>\n<p style=\"text-align: justify;\">\u201cEs un orgullo para nosotros poder participar activamente en el fomento de una educaci\u00f3n de calidad en Chile, sobre todo en sectores geogr\u00e1ficos y de la sociedad como Coronel, que son las que m\u00e1s necesitan el apoyo de nuevas metodolog\u00edas de ense\u00f1anza y el incentivo did\u00e1ctico que generan las tecnolog\u00edas para las generaciones j\u00f3venes.\u201d, confes\u00f3 Mauricio Ojeda, Director General Servicios Educativos ARQUIMED.<\/p>\n<p style=\"text-align: center;\">Fuente: <a href=\"http:\/\/www.coronel.cl\/2011\/05\/alumnos-de-la-escuela-ambrosio-oahiggins-ganaron-la-primera-olimpiada-de-matematicas-organizada-en-coronel\/\" target=\"_blank\">Coronel.cl<\/a><\/p>\n<p><center><iframe loading=\"lazy\" src=\"\/\/www.youtube.com\/embed\/lUkpWvwBYeU\" height=\"315\" width=\"420\" allowfullscreen=\"\" frameborder=\"0\"><\/iframe><\/center><\/p>\n","protected":false},"excerpt":{"rendered":"<p>Ganadores de 1\u00aa Olimpiadas de Matem\u00e1tica. M\u00e1s de 300 estudiantes de 18 establecimientos municipales compitieron el 27 de Mayo de 2011 en las Olimpiadas de Matem\u00e1ticas organizada por DEM Coronel <a class=\"more-link\" href=\"https:\/\/www.escuela-ambrosio.cl\/portal\/ganadores-de-1a-olimpiadas-de-matematica\/\">Continue Reading \u2192<\/a><\/p>\n","protected":false},"author":1,"featured_media":0,"parent":0,"menu_order":0,"comment_status":"closed","ping_status":"closed","template":"","meta":{"footnotes":""},"class_list":["post-75","page","type-page","status-publish","hentry"],"_links":{"self":[{"href":"https:\/\/www.escuela-ambrosio.cl\/portal\/wp-json\/wp\/v2\/pages\/75","targetHints":{"allow":["GET"]}}],"collection":[{"href":"https:\/\/www.escuela-ambrosio.cl\/portal\/wp-json\/wp\/v2\/pages"}],"about":[{"href":"https:\/\/www.escuela-ambrosio.cl\/portal\/wp-json\/wp\/v2\/types\/page"}],"author":[{"embeddable":true,"href":"https:\/\/www.escuela-ambrosio.cl\/portal\/wp-json\/wp\/v2\/users\/1"}],"replies":[{"embeddable":true,"href":"https:\/\/www.escuela-ambrosio.cl\/portal\/wp-json\/wp\/v2\/comments?post=75"}],"version-history":[{"count":2,"href":"https:\/\/www.escuela-ambrosio.cl\/portal\/wp-json\/wp\/v2\/pages\/75\/revisions"}],"predecessor-version":[{"id":3551,"href":"https:\/\/www.escuela-ambrosio.cl\/portal\/wp-json\/wp\/v2\/pages\/75\/revisions\/3551"}],"wp:attachment":[{"href":"https:\/\/www.escuela-ambrosio.cl\/portal\/wp-json\/wp\/v2\/media?parent=75"}],"curies":[{"name":"wp","href":"https:\/\/api.w.org\/{rel}","templated":true}]}}